 is the highest common factor of 21287 and 72004798?
3041
What is the highest common divisor of 306195 and 105?
15
Calculate the highest common divisor of 376 and 2245061220.
188
What is the greatest common divisor of 12675881 and 1982?
991
Calculate the highest common factor of 420 and 93248085.
105
Calculate the highest common divisor of 14257788 and 60.
12
Calculate the greatest common divisor of 25346 and 17910284.
1334
Calculate the greatest common factor of 10188 and 1042777458.
5094
Calculate the highest common divisor of 29239 and 6160.
7
What is the greatest common factor of 8246547 and 144?
9
What is the greatest common divisor of 871725 and 5900?
1475
What is the greatest common divisor of 245046 and 1718?
2
What is the greatest common factor of 8975 and 14041567?
359
What is the highest common factor of 1938 and 2438718?
102
What is the highest common factor of 40296 and 4889832?
1752
What is the highest common divisor of 30234806 and 153?
17
Calculate the highest common divisor of 22088 and 67408.
88
Calculate the highest common factor of 427915427 and 18422.
9211
Calculate the highest common factor of 141226391 and 1895.
379
Calculate the highest common divisor of 74 and 2410217.
37
Calculate the highest common factor of 2220 and 31057060.
740
Calculate the greatest common divisor of 10255402 and 608.
38
What is the highest common divisor of 48758237 and 19?
19
Calculate the highest common factor of 410484 and 1152.
12
What is the highest common divisor of 1262 and 30635050?
1262
Calculate the greatest common factor of 557554 and 464.
58
What is the highest common factor of 69974280 and 2191?
313
Calculate the greatest common divisor of 72 and 7870080.
24
Calculate the highest common divisor of 42108 and 260436.
132
What is the greatest common factor of 2504 and 3966521296?
2504
What is the highest common divisor of 5950 and 41259?
17
Calculate the highest common factor of 7776007 and 439.
439
What is the greatest common factor of 15808 and 43871?
19
What is the highest common divisor of 3976882 and 1736?
14
What is the greatest common divisor of 297 and 18991467?
99
Calculate the greatest common divisor of 17240 and 93448.
8
Calculate the greatest common divisor of 46168 and 2748040.
232
Calculate the highest common divisor of 14876757 and 378.
189
What is the greatest common factor of 228616 and 1071576?
328
Calculate the greatest common factor of 71744 and 470944.
32
Calculate the highest common factor of 8 and 629707096.
8
Calculate the highest common divisor of 3087 and 1395.
9
Calculate the highest common factor of 1118 and 90293593.
559
Calculate the highest common divisor of 401775 and 231.
33
Calculate the highest common factor of 3476 and 43399598.
1738
Calculate the highest common divisor of 13976669 and 5159.
469
What is the highest common divisor of 1392 and 6747894?
174
What is the greatest common factor of 261443 and 112?
7
What is the greatest common factor of 12926 and 690?
46
Calculate the highest common divisor of 221 and 252576701.
221
What is the greatest common divisor of 14826 and 1391229?
21
What is the highest common factor of 47657674 and 7985?
1597
Calculate the greatest common factor of 1991706432 and 192.
192
What is the greatest common factor of 3628325 and 50?
25
What is the highest common factor of 68715590 and 85690?
7790
What is the greatest common factor of 329338 and 20768?
118
What is the highest common factor of 20572542 and 31320?
1566
Calculate the greatest common divisor of 718186 and 896378.
602
Calculate the greatest common divisor of 7866 and 6226813.
437
What is the highest common factor of 84 and 407848?
28
Calculate the highest common factor of 143839151 and 67.
67
Calculate the highest common factor of 471 and 1108984729.
157
What is the highest common divisor of 629847 and 8934?
4467
What is the highest common divisor of 1155 and 624540?
105
What is the highest common divisor of 413042 and 5821382?
2282
Calculate the highest common factor of 5176884 and 7248.
1812
Calculate the highest common divisor of 366 and 234451914.
366
What is the highest common factor of 899 and 93187643?
899
What is the greatest common factor of 192651375 and 91971?
2787
Calculate the highest common factor of 1933174 and 608.
38
Calculate the greatest common factor of 5063433 and 710709.
2949
What is the greatest common divisor of 3339 and 9466807?
371
Calculate the highest common factor of 1520 and 12085900.
380
What is the greatest common divisor of 2162 and 786278?
46
What is the highest common divisor of 4 and 35232796?
4
Calculate the greatest common divisor of 47230760 and 17000.
680
Calculate the greatest common divisor of 68696 and 32147.
31
What is the highest common divisor of 570 and 8460705?
15
Calculate the greatest common factor of 476 and 330730512.
476
What is the highest common divisor of 2419243 and 398?
199
What is the highest common factor of 25708 and 7292?
4
What is the highest common factor of 62272 and 20720?
112
Calculate the highest common divisor of 85083667 and 283.
283
What is the highest common divisor of 16 and 806724?
4
Calculate the highest common divisor of 1080 and 36338280.
120
Calculate the greatest common divisor of 257831814 and 6816.
426
What is the greatest common divisor of 106229 and 13433?
19
What is the greatest common divisor of 20302077 and 253?
23
Calculate the greatest common divisor of 21938028 and 27132.
84
Calculate the greatest common divisor of 35501360 and 7300.
1460
What is the greatest common factor of 2338 and 395339?
7
Calculate the greatest common divisor of 185326 and 13414.
38
What is the highest common divisor of 76550772 and 152?
76
Calculate the highest common divisor of 5470 and 235810.
10
Calculate the greatest common factor of 977393 and 1012581.
463
What is the greatest common divisor of 6905635 and 23320?
2915
What is the highest common divisor of 36751 and 246675?
143
What is the highest common factor of 9702 and 42337372?
1078
Calculate the greatest common factor of 333 and 18593721.
333
Calculate the highest common divisor of 5 and 7492270.
5
Calculate the greatest common factor of 17062300 and 364113.
1759
Calculate the greatest common divisor of 1062 and 32438436.
354
Calculate the greatest common factor of 9814354 and 203.
29
What is the greatest common factor of 56160 and 13643424?
864
Calculate the highest common divisor of 512 and 10404.
4
Calculate the greatest common divisor of 29124 and 49212.
36
What is the highest common divisor of 64112 and 7400929?
4007
Calculate the greatest common divisor of 5888362 and 13802.
134
What is the greatest common divisor of 613 and 1647020047?
613
What is the highest common factor of 60753 and 30183195?
5523
Calculate the greatest common divisor of 149 and 105086273.
149
What is the highest common factor of 534401832 and 24?
24
What is the greatest common divisor of 408 and 1374704?
8
Calculate the greatest common divisor of 881028 and 64.
4
What is the highest common divisor of 80852064 and 96?
96
What is the greatest common divisor of 405000 and 586800?
1800
Calculate the greatest common divisor of 56635 and 4022290.
1205
What is the greatest common factor of 139164 and 1644?
12
Calculate the greatest common divisor of 1309900 and 700.
100
What is the highest common divisor of 121 and 6522032?
11
What is the highest common divisor of 62338545 and 90?
45
What is the greatest common factor of 2712 and 3975453?
339
What is the greatest common divisor of 28816578 and 532?
266
What is the greatest common factor of 328930 and 12824714?
1778
What is the highest common divisor of 80801374 and 136476?
7582
Calculate the highest common factor of 2122472 and 1428712.
2168
What is the highest common factor of 2981958 and 3192?
42
What is the greatest common factor of 1005 and 12051558?
201
Calculate the highest common factor of 21 and 13729317.
21
What is the highest common factor of 828 and 1044844?
92
Calculate the highest common divisor of 166866 and 18966.
174
Calculate the highest common divisor of 682 and 132639514.
62
What is the highest common factor of 2015062 and 1383614?
9286
Calculate the highest common divisor of 943 and 19888321.
41
What is the highest common divisor of 59461798 and